False
Is 4939241 a composite number?
True
Is 2382262 a prime number?
False
Is 1475743 a composite number?
False
Is 13085899 composite?
False
Is 269273 composite?
True
Is 21447577 prime?
True
Is 29138773 composite?
False
Is 10554419 a composite number?
False
Is 26612347 prime?
False
Is 6294667 a prime number?
True
Is 306079 prime?
False
Is 925622989 composite?
False
Is 549911 composite?
False
Is 7514879 prime?
False
Is 170827 a composite number?
False
Is 92347939 composite?
False
Is 4573505 a prime number?
False
Is 233411 a prime number?
False
Is 42309187 composite?
False
Is 18665321 a prime number?
True
Is 11488003 prime?
True
Is 30467 prime?
True
Is 1472143 a composite number?
False
Is 1268723 a prime number?
False
Is 27397 a composite number?
False
Is 392307317 a composite number?
True
Is 1309463 a prime number?
True
Is 32818201 a composite number?
True
Is 540925901 a prime number?
True
Is 13471993 prime?
True
Is 475427137 prime?
False
Is 5423123 a composite number?
False
Is 26604827 composite?
True
Is 11652467 a prime number?
False
Is 22965497 a prime number?
True
Is 142193939 composite?
False
Is 1387801 prime?
True
Is 67326241 a prime number?
True
Is 4517099 prime?
False
Is 4192927 a composite number?
True
Is 281740157 a prime number?
True
Is 100361665 a prime number?
False
Is 73042723 composite?
True
Is 31944089 prime?
True
Is 2888477 composite?
True
Is 45553 composite?
False
Is 6974849 a composite number?
True
Is 541418341 composite?
True
Is 851749 a composite number?
False
Is 607861 prime?
True
Is 4961141 prime?
True
Is 58849489 composite?
False
Is 6688081 a composite number?
True
Is 40852817 prime?
True
Is 7780673 composite?
True
Is 1059119 a prime number?
True
Is 28001629 a composite number?
True
Is 8336967 a prime number?
False
Is 146593489 prime?
False
Is 2691931 a composite number?
True
Is 11790139 a prime number?
False
Is 1624849 a prime number?
True
Is 3690437 prime?
True
Is 2855353 a prime number?
True
Is 45636946 composite?
True
Is 128578649 prime?
True
Is 23053091 prime?
False
Is 3095033 a composite number?
True
Is 9853111 a prime number?
False
Is 4717447 a composite number?
True
Is 108793733 a composite number?
False
Is 22905209 a composite number?
False
Is 413971 a prime number?
False
Is 10842457 prime?
False
Is 626677 prime?
False
Is 15202423 a prime number?
True
Is 200063 a composite number?
False
Is 1304447 composite?
True
Is 23256959 prime?
False
Is 12861395 a composite number?
True
Is 785017 composite?
False
Is 6829897 a prime number?
True
Is 263162 a composite number?
True
Is 4711591 composite?
False
Is 102695774 a composite number?
True
Is 1223977 prime?
True
Is 11054749 composite?
True
Is 13584611 prime?
False
Is 153869 composite?
True
Is 11085433 prime?
True
Is 525529 a prime number?
True
Is 8066531 composite?
True
Is 7709441 a composite number?
False
Is 2494097 a composite number?
True
Is 197783 a composite number?
True
Is 52542209 a composite number?
True
Is 169985 composite?
True
Is 1637497 a prime number?
True
Is 33823261 a prime number?
True
Is 171517 prime?
True
Is 42785831 a prime number?
False
Is 1134239 a composite number?
False
Is 7727213 a composite number?
True
Is 63741 a composite number?
True
Is 900683437 composite?
False
Is 1638731 prime?
False
Is 18927941 a composite number?
True
Is 106501117 composite?
True
Is 37030501 a composite number?
True
Is 29148459 a composite number?
True
Is 4501117 a composite number?
True
Is 12152513 prime?
True
Is 15598081 a prime number?
False
Is 14634607 prime?
False
Is 5845069 a composite number?
False
Is 15551 a composite number?
False
Is 38417419 a prime number?
False
Is 26274881 prime?
True
Is 159455629 prime?
False
Is 56977777 a composite number?
False
Is 1426107 prime?
False
Is 364318 prime?
False
Is 6690505 a composite number?
True
Is 60560959 a composite number?
False
Is 360309899 a composite number?
False
Is 2349869 prime?
True
Is 50997811 composite?
False
Is 396930949 a composite number?
False
Is 3373259 a composite number?
True
Is 73583431 prime?
True
Is 212933317 composite?
True
Is 12792727 a composite number?
False
Is 10407979 prime?
False
Is 52890121 a prime number?
True
Is 6199418 prime?
False
Is 8974819 composite?
True
Is 7027547 a composite number?
False
Is 1179637 a prime number?
True
Is 567792011 a prime number?
True
Is 516998 a prime number?
False
Is 5321033 composite?
True
Is 807290249 a prime number?
True
Is 184027891 composite?
False
Is 74419171 a composite number?
False
Is 495869455 prime?
False
Is 3536389 a prime number?
True
Is 413069 a composite number?
False
Is 31131623 a composite number?
True
Is 532223 a prime number?
False
Is 15852071 prime?
True
Is 3161779 composite?
True
Is 1762897 composite?
False
Is 15044009 composite?
True
Is 1089091 composite?
False
Is 3317035 prime?
False
Is 109567 a composite number?
False
Is 2986273 a composite number?
True
Is 6685117 prime?
True
Is 15595639 composite?
True
Is 108472157 composite?
False
Is 174101687 prime?
False
Is 14777461 composite?
False
Is 211364267 a composite number?
True
Is 104354597 a prime number?
False
Is 21221569 a prime number?
True
Is 3039545 a composite number?
True
Is 28319 prime?
True
Is 142821911 a prime number?
False
Is 9258341 composite?
False
Is 332321843 prime?
False
Is 28837547 prime?
True
Is 14147834 a composite number?
True
Is 5787213 composite?
True
Is 822776753 a composite number?
False
Is 326398621 a composite number?
False
Is 1910147 a prime number?
True
Is 208315699 a prime number?
True
Is 959119285 composite?
True
Is 4846861 prime?
False
Is 48391183 prime?
True
Is 143437999 a composite number?
False
Is 79231913 prime?
True
Is 2587373 composite?
True
Is 13479937 composite?
True
Is 8074517 a composite number?
True
Is 1562681 a composite number?
True
Is 1513813 prime?
False
Is 890479483 a prime number?
True
Is 3297209 prime?
True
Is 230361223 a composite number?
True
Is 11896567 a prime number?
True
Is 73172707 composite?
False
Is 1716809 a composite number?
True
Is 49090369 a prime number?
True
Is 1654649 a prime number?
True
Is 1409071 a prime number?
False
Is 18793097 composite?
False
Is 231212147 a composite number?
True
Is 16579349 composite?
False
Is 31120147 prime?
False
Is 594648037 a composite number?
False
Is 39718637 prime?
False
Is 2559961 composite?
True
Is 144372589 a composite number?
False
Is 209257541 a prime number?
False
Is 16380769 composite?
True
Is 10811195 a prime number?
False
Is 96285614 a composite number?
True
Is 48186899 prime?
True
Is 2592709 a composite number?
True
Is 11222489 prime?
True
Is 27502187 a composite number?
True
Is 375967 a composite number?
False
Is 5856131 prime?
True
Is 8658113 composite?
True
Is 17387303 a composite number?
True
Is 7075787 a composite number?
True
Is 47328539 a composite number?
False
Is 7589693 prime?
False
Is 726287 prime?
True
Is 248702219 a prime number?
True
Is 201097877 a composite number?
False
Is 763919573 composite?
True
Is 8450653 a composite number?
False
Is 12822442 prime?
False
Is 21009827 a composite number?
False
Is 648803041 a prime number?
False
Is 70973191 prime?
True
Is 1925611 a composite number?
False
Is 308124163 a prime number?
False
Is 17721797 composite?
True
Is 105919553 a composite number?
False
Is 24017561 a prime number?
False
Is 40054081 a composite number?
False
Is 100935947 composite?
True
Is 42746019 composite?
True
Is 212274715 composite?
True
Is 4631537 composite?
False
Is 462221509 composite?
False
Is 23862457 composite?
True
Is 510547523 composite?
True
Is 9735487 composite?
True
Is 24195881 composite?
False
Is 3513149 composite?
False
Is 1856891 composite?
False
Is 4027703 a prime number?
True
Is 1030787 prime?
True
Is 86544937 prime?
True
Is 4761709 prime?
False
Is 8260387 composite?
False
Is 2751241 a composite number?
False
Is 319871 prime?
False
Is 623071 prime?
True
Is 22700851 composite?
True
Is 28186579 composite?
True
Is 18803465 composite?
True
Is 223050479 a composite number?
True
Is 32293333 a prime number?
True
Is 42285877 composite?
True
Is 992327 composite?
True
Is 66901753 prime?
False
Is 162519637 a composite number?
True
Is 56582359 prime?
True
Is 630479 prime?
False
Is 2907886177 composite?
True
Is 654767 a prime number?
True
Is 395324551 a prime 